{"id":665,"date":"2016-02-09T19:40:29","date_gmt":"2016-02-09T19:40:29","guid":{"rendered":"http:\/\/www.magvas.hu\/?page_id=665"},"modified":"2021-05-22T15:56:49","modified_gmt":"2021-05-22T15:56:49","slug":"mustar","status":"publish","type":"page","link":"https:\/\/magvas.hu\/index.php\/tavaszi-vetomagok\/mezelo-es-zoldtragya-novenyek\/mustar\/","title":{"rendered":"Must\u00e1r"},"content":{"rendered":"<p><a href=\"https:\/\/magvas.hu\/index.php\/tavaszi-vetomagok\/mezelo-es-zoldtragya-novenyek\/mustar\/mustar-fajtaleirasok\/\" rel=\"attachment wp-att-1079\"><img loading=\"lazy\" decoding=\"async\" class=\"alignnone wp-image-1103 size-full\" src=\"https:\/\/magvas.hu\/wp-content\/uploads\/2016\/02\/fajtaleirasok-1.jpg\" alt=\"\" width=\"400\" height=\"150\" srcset=\"https:\/\/magvas.hu\/wp-content\/uploads\/2016\/02\/fajtaleirasok-1.jpg 400w, https:\/\/magvas.hu\/wp-content\/uploads\/2016\/02\/fajtaleirasok-1-300x113.jpg 300w\" sizes=\"auto, (max-width: 400px) 100vw, 400px\" \/><\/a><\/p>\n<p>Must\u00e1r vet\u0151mag \u00e1rak \u00e9s fajt\u00e1k<\/p>\n\n<table id=\"tablepress-74\" class=\"tablepress tablepress-id-74\">\n<thead>\n<tr class=\"row-1\">\n\t<th class=\"column-1\">fajta<\/th><th class=\"column-2\">\u00e1tlagos vet\u00e9snorma\/hekt\u00e1r<\/th><th class=\"column-3\">mennyis\u00e9g\/zs\u00e1k<\/th><th class=\"column-4\">nett\u00f3 telepi ft\/kg<\/th>\n<\/tr>\n<\/thead>\n<tbody class=\"row-striping row-hover\">\n<tr class=\"row-2\">\n\t<td class=\"column-1\">Bea<\/td><td class=\"column-2\">25 kg<\/td><td class=\"column-3\">25 kg, 1000 kg BB<\/td><td class=\"column-4\">376.47<\/td>\n<\/tr>\n<tr class=\"row-3\">\n\t<td class=\"column-1\">\u00c9va<\/td><td class=\"column-2\">25 kg<\/td><td class=\"column-3\">25 kg<\/td><td class=\"column-4\">411.76<\/td>\n<\/tr>\n<tr class=\"row-4\">\n\t<td class=\"column-1\">Marci<\/td><td class=\"column-2\">25 kg<\/td><td class=\"column-3\">25 kg<\/td><td class=\"column-4\">411.76<\/td>\n<\/tr>\n<tr class=\"row-5\">\n\t<td class=\"column-1\">Polka<\/td><td class=\"column-2\">25 kg<\/td><td class=\"column-3\">25 kg<\/td><td class=\"column-4\">411.76<\/td>\n<\/tr>\n<\/tbody>\n<\/table>\n<!-- #tablepress-74 from cache -->\n","protected":false},"excerpt":{"rendered":"<p>Must\u00e1r vet\u0151mag \u00e1rak \u00e9s fajt\u00e1k<\/p>\n","protected":false},"author":2,"featured_media":0,"parent":403,"menu_order":0,"comment_status":"closed","ping_status":"closed","template":"","meta":{"footnotes":""},"class_list":["post-665","page","type-page","status-publish","hentry"],"post_mailing_queue_ids":[],"_links":{"self":[{"href":"https:\/\/magvas.hu\/index.php\/wp-json\/wp\/v2\/pages\/665","targetHints":{"allow":["GET"]}}],"collection":[{"href":"https:\/\/magvas.hu\/index.php\/wp-json\/wp\/v2\/pages"}],"about":[{"href":"https:\/\/magvas.hu\/index.php\/wp-json\/wp\/v2\/types\/page"}],"author":[{"embeddable":true,"href":"https:\/\/magvas.hu\/index.php\/wp-json\/wp\/v2\/users\/2"}],"replies":[{"embeddable":true,"href":"https:\/\/magvas.hu\/index.php\/wp-json\/wp\/v2\/comments?post=665"}],"version-history":[{"count":3,"href":"https:\/\/magvas.hu\/index.php\/wp-json\/wp\/v2\/pages\/665\/revisions"}],"predecessor-version":[{"id":4000,"href":"https:\/\/magvas.hu\/index.php\/wp-json\/wp\/v2\/pages\/665\/revisions\/4000"}],"up":[{"embeddable":true,"href":"https:\/\/magvas.hu\/index.php\/wp-json\/wp\/v2\/pages\/403"}],"wp:attachment":[{"href":"https:\/\/magvas.hu\/index.php\/wp-json\/wp\/v2\/media?parent=665"}],"curies":[{"name":"wp","href":"https:\/\/api.w.org\/{rel}","templated":true}]}}