{"id":4062,"date":"2021-06-08T12:11:18","date_gmt":"2021-06-08T12:11:18","guid":{"rendered":"https:\/\/magvas.hu\/?page_id=4062"},"modified":"2021-06-08T12:22:41","modified_gmt":"2021-06-08T12:22:41","slug":"talajtomorodes-mi-okozza","status":"publish","type":"page","link":"https:\/\/magvas.hu\/index.php\/talajtomorodes-mi-okozza\/","title":{"rendered":"Talajt\u00f6m\u00f6r\u00f6d\u00e9s: mi okozza?"},"content":{"rendered":"<p><strong>A talajt\u00f6m\u00f6r\u00f6d\u00e9s nem \u00faj jelens\u00e9g, sajnos azonban a t\u00e9ma v\u00e1ltozatlanul aktu\u00e1lis, ez\u00e9rt fontos, hogy n\u00e9h\u00e1ny sz\u00f3t ejts\u00fcnk kialakul\u00e1s\u00e1nak, el\u0151fordul\u00e1s\u00e1nak okair\u00f3l, illetve a megel\u0151z\u00e9s, megsz\u00fcntet\u00e9s lehet\u0151s\u00e9geir\u0151l.<\/strong><\/p>\n<p>A talaj t\u00f6m\u00f6r\u00f6d\u00f6ttnek min\u0151s\u00fcl, ha a term\u0151r\u00e9tegben a t\u00e9rfogatt\u00f6meg \u00e9rt\u00e9k meghaladja az 1,5 g\/cm3-t, illetve ha a talajellen\u00e1ll\u00e1s a szabadf\u00f6ldi v\u00edzkapacit\u00e1s megfelel\u0151 v\u00edztartalm\u00e1n\u00e1l nagyobb, mint 3 MPa. Magyarorsz\u00e1g talajainak 34,8 sz\u00e1zal\u00e9ka \u00e9rz\u00e9keny, 28,3 sz\u00e1zal\u00e9ka m\u00e9rs\u00e9kelten \u00e9rz\u00e9keny, 23%-a pedig gyeng\u00e9n \u00e9rz\u00e9keny a degrad\u00e1ci\u00f3ra \u00e9s a t\u00f6m\u00f6r\u00f6d\u00e9sre. Ha csak az \u00e9rz\u00e9keny \u00e9s m\u00e9rs\u00e9kelten \u00e9rz\u00e9keny ter\u00fcleteket \u00f6sszes\u00edtj\u00fck, akkor is t\u00f6bb, mint 3 milli\u00f3 hekt\u00e1r sz\u00e1nt\u00f3t \u00e9rint a jelens\u00e9g.<\/p>\n<p>A talaj term\u00e9szetes \u00e1llapot\u00e1ban is k\u00e9pes bizonyos m\u00e9rt\u00e9k\u0171 t\u00f6m\u00f6r\u00f6d\u00e9sre. A talaj m\u00e9lyebb r\u00e9tegeiben a r\u00e9tegek felett l\u00e9v\u0151 talaj t\u00f6meg\u00e9b\u0151l ad\u00f3d\u00f3 nyom\u00e1s hat\u00e1s\u00e1ra is kialakulhat t\u00f6m\u00f6r z\u00e1r\u00f3r\u00e9teg. A sok \u00e9s nagy intenzit\u00e1s\u00fa csapad\u00e9k fokozza a talaj t\u00f6meg\u00e9b\u0151l ad\u00f3d\u00f3 \u00fcleped\u00e9st. A talajv\u00edz, \u00e1lland\u00f3, vagy id\u0151szakos v\u00edzbor\u00edt\u00e1s k\u00f6vetkezt\u00e9ben szint\u00e9n t\u00f6m\u00f6r r\u00e9tegek alakulnak ki. A talajk\u00e9pz\u0151d\u00e9s sor\u00e1n t\u00f6bb ilyen szint is kialakulhat az adott talajt\u00edpus saj\u00e1toss\u00e1gak\u00e9nt.<\/p>\n<p>Az emberi t\u00e9nyez\u0151k azonban t\u00f6bb okb\u00f3l is sokkal jelent\u0151sebbek. A negat\u00edv v\u00e1ltoz\u00e1sok sokkal intenz\u00edvebben, \u00e9s a talaj fels\u0151 r\u00e9tegeiben is lezajlanak. A t\u00f6m\u00f6r\u00f6d\u00e9s bek\u00f6vetkezhet a nedves talajon t\u00f6rt\u00e9n\u0151 j\u00e1r\u00e1skor, m\u0171vel\u00e9skor, illetve t\u00f6bbsz\u00f6r ugyanabban a m\u00e9lys\u00e9gben v\u00e9gzett m\u0171vel\u00e9sn\u00e9l, az adott m\u0171vel\u0151elem talajra gyakorolt ism\u00e9telt nyom\u00e1sa k\u00f6vetkezt\u00e9ben. A jelens\u00e9g a mez\u0151gazdas\u00e1gi termel\u00e9s kezdete \u00f3ta el\u0151fordult F\u00f6ld\u00fcnk\u00f6n, hatalmas m\u00e9rt\u00e9ket azonban csak a 20. sz\u00e1zad iparszer\u0171 mez\u0151gazdas\u00e1g\u00e1ban \u00f6lt\u00f6tt. Egy 4 tonn\u00e1s tengelyterhel\u00e9s\u0171 g\u00e9p minimum 30 cm-ig, egy 10 tonn\u00e1s minimum 50 cm-ig t\u00f6m\u00f6r\u00edti a talajt.<\/p>\n<p><a href=\"https:\/\/www.agronaplo.hu\/szakfolyoirat\/2008\/07\/szantofold\/a-talajtomorodes-okai-es-megszuntetesenek-agrotechnikai-modszerei\" target=\"_blank\">A szakcikket teljes terjedelm\u00e9ben ide kattintva olvashatja el!<\/a><\/p>\n<p><a href=\"https:\/\/magvas.hu\/index.php\/nyari-vetomagok\/zoldtragyazas\/\" target=\"_blank\">Itt pedig megtal\u00e1lja a z\u00f6ldtr\u00e1gy\u00e1z\u00e1sr\u00f3l sz\u00f3l\u00f3 r\u00e9szletes cikk\u00fcnket.<\/a><\/p>\n","protected":false},"excerpt":{"rendered":"<p>A talajt\u00f6m\u00f6r\u00f6d\u00e9s nem \u00faj jelens\u00e9g, sajnos azonban a t\u00e9ma v\u00e1ltozatlanul aktu\u00e1lis, ez\u00e9rt fontos, hogy n\u00e9h\u00e1ny sz\u00f3t ejts\u00fcnk kialakul\u00e1s\u00e1nak, el\u0151fordul\u00e1s\u00e1nak okair\u00f3l, illetve a megel\u0151z\u00e9s, megsz\u00fcntet\u00e9s lehet\u0151s\u00e9geir\u0151l. A talaj t\u00f6m\u00f6r\u00f6d\u00f6ttnek min\u0151s\u00fcl, ha a term\u0151r\u00e9tegben a t\u00e9rfogatt\u00f6meg \u00e9rt\u00e9k meghaladja az 1,5 g\/cm3-t, illetve<\/p>\n","protected":false},"author":2,"featured_media":0,"parent":0,"menu_order":0,"comment_status":"closed","ping_status":"closed","template":"","meta":{"footnotes":""},"class_list":["post-4062","page","type-page","status-publish","hentry"],"post_mailing_queue_ids":[],"_links":{"self":[{"href":"https:\/\/magvas.hu\/index.php\/wp-json\/wp\/v2\/pages\/4062","targetHints":{"allow":["GET"]}}],"collection":[{"href":"https:\/\/magvas.hu\/index.php\/wp-json\/wp\/v2\/pages"}],"about":[{"href":"https:\/\/magvas.hu\/index.php\/wp-json\/wp\/v2\/types\/page"}],"author":[{"embeddable":true,"href":"https:\/\/magvas.hu\/index.php\/wp-json\/wp\/v2\/users\/2"}],"replies":[{"embeddable":true,"href":"https:\/\/magvas.hu\/index.php\/wp-json\/wp\/v2\/comments?post=4062"}],"version-history":[{"count":3,"href":"https:\/\/magvas.hu\/index.php\/wp-json\/wp\/v2\/pages\/4062\/revisions"}],"predecessor-version":[{"id":4066,"href":"https:\/\/magvas.hu\/index.php\/wp-json\/wp\/v2\/pages\/4062\/revisions\/4066"}],"wp:attachment":[{"href":"https:\/\/magvas.hu\/index.php\/wp-json\/wp\/v2\/media?parent=4062"}],"curies":[{"name":"wp","href":"https:\/\/api.w.org\/{rel}","templated":true}]}}